rs of 4248480369?
3, 7, 293, 98639
List the prime factors of 90617846.
2, 11, 4118993
List the prime factors of 6095621344.
2, 19, 59, 251, 677
List the prime factors of 122775749.
122775749
List the prime factors of 648098003.
7, 29, 131, 24371
What are the prime factors of 5771803148?
2, 59, 24456793
What are the prime factors of 7237491?
3, 109, 22133
List the prime factors of 33166072.
2, 43, 67, 1439
What are the prime factors of 435822169?
41, 149, 71341
List the prime factors of 355308460.
2, 5, 13, 41, 33331
List the prime factors of 317101705.
5, 63420341
What are the prime factors of 3081443061?
3, 18089, 56783
List the prime factors of 2368341643.
19001, 124643
List the prime factors of 1897026189.
3, 89, 7104967
List the prime factors of 4088859990.
2, 3, 5, 136295333
List the prime factors of 3569841642.
2, 3, 31, 107, 181, 991
List the prime factors of 31152889.
31152889
List the prime factors of 3042582059.
11, 191, 379, 3821
What are the prime factors of 337456700?
2, 5, 7, 31, 15551
What are the prime factors of 19178047?
7, 2739721
What are the prime factors of 1410503305?
5, 29, 61, 159469
What are the prime factors of 7622647614?
2, 3, 71, 89, 251
What are the prime factors of 92374912?
2, 7, 131, 787
List the prime factors of 36488785.
5, 347, 21031
What are the prime factors of 3532162990?
2, 5, 317, 593, 1879
What are the prime factors of 191110712?
2, 13, 1277, 1439
What are the prime factors of 522065703?
3, 174021901
List the prime factors of 92844874.
2, 127, 365531
List the prime factors of 881303318.
2, 7, 43, 283, 739
List the prime factors of 507515325.
3, 5, 6766871
What are the prime factors of 2331954229?
11, 67, 313, 919
List the prime factors of 25149352.
2, 109, 151, 191
What are the prime factors of 88491368?
2, 7, 1580203
What are the prime factors of 3118818187?
61, 353, 144839
List the prime factors of 1269078672.
2, 3, 59, 448121
List the prime factors of 42916252.
2, 23, 193, 2417
What are the prime factors of 114955714?
2, 157, 349, 1049
What are the prime factors of 86654826?
2, 3, 1604719
List the prime factors of 15121492.
2, 19, 198967
List the prime factors of 3994134947.
11, 363103177
What are the prime factors of 1025662684?
2, 256415671
What are the prime factors of 22991954?
2, 29, 396413
What are the prime factors of 121968171?
3, 13, 29, 103, 349
List the prime factors of 10471266.
2, 3, 13, 73, 613
List the prime factors of 22775374.
2, 11387687
What are the prime factors of 768566008?
2, 7, 1063, 12911
List the prime factors of 1785008.
2, 29, 3847
What are the prime factors of 599724128?
2, 557, 33647
What are the prime factors of 454922028?
2, 3, 11, 167, 2293
What are the prime factors of 2210915175?
3, 5, 7, 4211267
What are the prime factors of 540737440?
2, 5, 1217, 2777
List the prime factors of 129699906.
2, 3, 7, 3088093
What are the prime factors of 1206624113?
17, 1291, 54979
List the prime factors of 615353466.
2, 3, 7, 13, 233, 691
List the prime factors of 829411804.
2, 13, 15950227
List the prime factors of 922275578.
2, 7, 53, 1242959
What are the prime factors of 23642041?
23642041
List the prime factors of 4758488915.
5, 19, 47, 61, 17471
What are the prime factors of 135535229?
61, 2221889
List the prime factors of 2662422811.
25633, 103867
List the prime factors of 17547580.
2, 5, 877379
List the prime factors of 380760371.
173, 677, 3251
List the prime factors of 151569324.
2, 3, 43, 179, 547
What are the prime factors of 24975095?
5, 47, 106277
What are the prime factors of 38347875?
3, 5, 89, 383
List the prime factors of 2485591122.
2, 3, 7, 59180741
List the prime factors of 626610824.
2, 7, 83, 19259
What are the prime factors of 842483361?
3, 59, 4759793
What are the prime factors of 203147687?
13963, 14549
List the prime factors of 202866648.
2, 3, 19, 444883
What are the prime factors of 3026532?
2, 3, 179, 1409
What are the prime factors of 629031396?
2, 3, 7, 661, 11329
List the prime factors of 23209503.
3, 7736501
What are the prime factors of 545106744?
2, 3, 7, 13, 271, 307
What are the prime factors of 4538546?
2, 2269273
List the prime factors of 4357271378.
2, 2178635689
List the prime factors of 22296420.
2, 3, 5, 97, 1277
What are the prime factors of 5383680875?
5, 19, 31, 83, 881
List the prime factors of 3369945973.
151, 22317523
List the prime factors of 37819626.
2, 3, 13, 484867
What are the prime factors of 7279263741?
3, 79, 541, 56773
List the prime factors of 1820341458.
2, 3, 13, 2593079
List the prime factors of 1456754408.
2, 182094301
List the prime factors of 18610299.
3, 2067811
What are the prime factors of 13229986?
2, 7, 11, 85909
What are the prime factors of 557144710?
2, 5, 31, 1797241
List the prime factors of 320860084.
2, 3671, 21851
What are the prime factors of 70369007?
73, 89, 10831
What are the prime factors of 2889576462?
2, 3, 17, 28329181
List the prime factors of 193449733.
43, 4498831
List the prime factors of 16515405.
3, 5, 31, 11839
What are the prime factors of 517271013?
3, 7, 8210651
What are the prime factors of 66887258?
2, 19, 953, 1847
What are the prime factors of 2142942940?
2, 5, 79, 233, 5821
What are the prime factors of 3020426523?
3, 19, 83, 70937
List the prime factors of 101981434.
2, 53, 647, 1487
List the prime factors of 824433719.
824433719
What are the prime factors of 802877246?
2, 31, 821, 15773
List the prime factors of 2090616109.
1871, 1117379
What are the prime factors of 158036568?
2, 3, 6584857
List the prime factors of 21072181.
13, 443, 3659
What are the prime factors of 81799728?
2, 3, 1704161
What are the prime factors of 2373688565?
5, 37, 577, 601
What are the prime factors of 309101795?
5, 61820359
What are the prime factors of 1085084884?
2, 13, 1759, 11863
List the prime factors of 5346099200.
2, 5, 13, 251
List the prime factors of 943752923.
199, 239, 19843
List the prime factors of 5849261.
11, 48341
What are the prime factors of 114368741?
17, 293, 22961
List the prime factors of 15972183.
3, 659, 2693
What are the prime factors of 69717101?
53, 71, 97, 191
List the prime factors of 28850190.
2, 3, 5, 17, 56569
What are the prime factors of 90174618?
2, 3, 101, 193, 257
List the prime factors of 230507272.
2, 199, 144791
What are the prime factors of 1252877072?
2, 173, 452629
List the prime factors of 364793249.
37, 9859277
What are the prime factors of 131923146?
2, 3, 29, 758179
What are the prime factors of 19037288?
2, 101, 23561
List the prime factors of 14053805.
5, 23, 122207
List the prime factors of 87227096.
2, 11, 991217
What are the prime factors of 933972730?
2, 5, 23, 4060751
List the prime factors of 7358527826.
2, 13, 17, 179, 5471
What are the prime factors of 781264779?
3, 1049, 248257
List the prime factors of 52773693.
3, 7, 2513033
What are the prime factors of 3978484062?
2, 3, 7, 19, 4985569
List the prime factors of 176965961.
67, 2641283
What are the prime factors of 60913860?
2, 3, 5, 7, 20719
What are the prime factors of 53087565?
3, 5, 23, 153877
What are the prime factors of 166872118?
2, 7, 11919437
What are the prime factors of 56547039?
3, 107, 176159
What are the prime factors of 3586588645?
5, 717317729
List the prime factors of 2520004515.
3, 5, 7, 53, 452831
List the prime factors of 461652682.
2, 29, 31, 97, 2647
What are the prime factors of 275167045?
5, 55033409
List the prime factors of 116163313.
7, 37, 71, 6317
What are the prime factors of 178832475?
3, 5, 23, 11519
What are the prime factors of 277207757?
277207757
List the prime factors of 113190277.
19, 29, 205427
List the prime factors of 640708225.
5, 73, 569, 617
What are the prime factors of 360067671?
3, 40007519
What are the prime factors of 6295871231?
13, 4409, 109843
What are the prime factors of 5300203?
5300203
What are the prime factors of 2260015427?
229, 1999, 4937
List the prime factors of 2250528157.
101, 179, 281, 443
What are the prime factors of 273825575?
5, 10953023
List the prime factors of 1463186.
2, 731593
What are the prime factors of 263001227?
263001227
List the prime factors of 1746903074.
2, 7, 124778791
What are the prime factors of 1763089875?
3, 5, 313, 1669
List the prime factors of 324039874.
2, 211, 767867
List the prime factors of